{"id":35,"date":"2020-11-28T10:56:08","date_gmt":"2020-11-28T09:56:08","guid":{"rendered":"https:\/\/www.fund-academy.ch\/?page_id=35"},"modified":"2025-02-03T16:17:41","modified_gmt":"2025-02-03T15:17:41","slug":"zuerich","status":"publish","type":"page","link":"https:\/\/www.fund-academy.ch\/de\/about-us\/zuerich\/","title":{"rendered":"Z\u00fcrich"},"content":{"rendered":"<p>Gegr\u00fcndet im Jahr 2001, sind wir nach einigen Jahren der Abwesenheit wieder mit unserem Firmensitz nach Z\u00fcrich zur\u00fcckgekehrt. Sandra Weisstanner-Greutmann und Andreas W\u00e4schle sind f\u00fcr Sie da! Die kurzen Wege zu einem Kaffee mit Kunden, Dozierenden, Partnern und Alumni geben uns viele Gelegenheiten f\u00fcr gute Gespr\u00e4che und helfen uns, immer nahe am Puls der Fondsindustrie zu sein, um Trends und Bed\u00fcrfnisse aufzunehmen und umzusetzen.<\/p>\n<p>Unsere Mitglieder der Qualit\u00e4tssicherungs- und Pr\u00fcfungskommssion in Z\u00fcrich finden Sie <a href=\"https:\/\/www.fund-academy.ch\/wp-content\/uploads\/2025\/02\/QSK-2025.pdf\">hier<\/a>.<\/p>\n","protected":false},"excerpt":{"rendered":"<p>Gegr\u00fcndet im Jahr 2001, sind wir nach einigen Jahren der Abwesenheit wieder mit unserem Firmensitz nach Z\u00fcrich zur\u00fcckgekehrt. Sandra Weisstanner-Greutmann und Andreas W\u00e4schle sind f\u00fcr Sie da! Die kurzen Wege zu einem Kaffee mit Kunden, Dozierenden, Partnern und Alumni geben uns viele Gelegenheiten f\u00fcr gute Gespr\u00e4che und helfen uns, immer nahe am Puls der Fondsindustrie <a href=\"https:\/\/www.fund-academy.ch\/de\/about-us\/zuerich\/\" class=\"more-link\">&#8230;<\/a><\/p>\n","protected":false},"author":1,"featured_media":2260,"parent":26,"menu_order":0,"comment_status":"closed","ping_status":"closed","template":"","meta":[],"acf":[],"yoast_head":"<!-- This site is optimized with the Yoast SEO plugin v20.8 - https:\/\/yoast.com\/wordpress\/plugins\/seo\/ -->\n<title>Z\u00fcrich - Fund Academy<\/title>\n<meta name=\"robots\" content=\"index, follow, max-snippet:-1, max-image-preview:large, max-video-preview:-1\" \/>\n<link rel=\"canonical\" href=\"https:\/\/www.fund-academy.ch\/de\/about-us\/zuerich\/\" \/>\n<meta property=\"og:locale\" content=\"de_DE\" \/>\n<meta property=\"og:type\" content=\"article\" \/>\n<meta property=\"og:title\" content=\"Z\u00fcrich - Fund Academy\" \/>\n<meta property=\"og:description\" content=\"Gegr\u00fcndet im Jahr 2001, sind wir nach einigen Jahren der Abwesenheit wieder mit unserem Firmensitz nach Z\u00fcrich zur\u00fcckgekehrt. Sandra Weisstanner-Greutmann und Andreas W\u00e4schle sind f\u00fcr Sie da! Die kurzen Wege zu einem Kaffee mit Kunden, Dozierenden, Partnern und Alumni geben uns viele Gelegenheiten f\u00fcr gute Gespr\u00e4che und helfen uns, immer nahe am Puls der Fondsindustrie ...\" \/>\n<meta property=\"og:url\" content=\"https:\/\/www.fund-academy.ch\/de\/about-us\/zuerich\/\" \/>\n<meta property=\"og:site_name\" content=\"Fund Academy\" \/>\n<meta property=\"article:modified_time\" content=\"2025-02-03T15:17:41+00:00\" \/>\n<meta property=\"og:image\" content=\"https:\/\/www.fund-academy.ch\/wp-content\/uploads\/2022\/01\/patrick-federi-qpkikEv5bh8-unsplash-scaled.jpg\" \/>\n\t<meta property=\"og:image:width\" content=\"2560\" \/>\n\t<meta property=\"og:image:height\" content=\"1440\" \/>\n\t<meta property=\"og:image:type\" content=\"image\/jpeg\" \/>\n<meta name=\"twitter:card\" content=\"summary_large_image\" \/>\n<meta name=\"twitter:label1\" content=\"Gesch\u00e4tzte Lesezeit\" \/>\n\t<meta name=\"twitter:data1\" content=\"1\u00a0Minute\" \/>\n<script type=\"application\/ld+json\" class=\"yoast-schema-graph\">{\"@context\":\"https:\/\/schema.org\",\"@graph\":[{\"@type\":\"WebPage\",\"@id\":\"https:\/\/www.fund-academy.ch\/de\/about-us\/zuerich\/\",\"url\":\"https:\/\/www.fund-academy.ch\/de\/about-us\/zuerich\/\",\"name\":\"Z\u00fcrich - Fund Academy\",\"isPartOf\":{\"@id\":\"https:\/\/www.fund-academy.ch\/#website\"},\"datePublished\":\"2020-11-28T09:56:08+00:00\",\"dateModified\":\"2025-02-03T15:17:41+00:00\",\"breadcrumb\":{\"@id\":\"https:\/\/www.fund-academy.ch\/de\/about-us\/zuerich\/#breadcrumb\"},\"inLanguage\":\"de\",\"potentialAction\":[{\"@type\":\"ReadAction\",\"target\":[\"https:\/\/www.fund-academy.ch\/de\/about-us\/zuerich\/\"]}]},{\"@type\":\"BreadcrumbList\",\"@id\":\"https:\/\/www.fund-academy.ch\/de\/about-us\/zuerich\/#breadcrumb\",\"itemListElement\":[{\"@type\":\"ListItem\",\"position\":1,\"name\":\"Home\",\"item\":\"https:\/\/www.fund-academy.ch\/de\/\"},{\"@type\":\"ListItem\",\"position\":2,\"name\":\"Willkommen bei Fund Academy\",\"item\":\"https:\/\/www.fund-academy.ch\/de\/about-us\/\"},{\"@type\":\"ListItem\",\"position\":3,\"name\":\"Z\u00fcrich\"}]},{\"@type\":\"WebSite\",\"@id\":\"https:\/\/www.fund-academy.ch\/#website\",\"url\":\"https:\/\/www.fund-academy.ch\/\",\"name\":\"Fund Academy\",\"description\":\"\",\"potentialAction\":[{\"@type\":\"SearchAction\",\"target\":{\"@type\":\"EntryPoint\",\"urlTemplate\":\"https:\/\/www.fund-academy.ch\/?s={search_term_string}\"},\"query-input\":\"required name=search_term_string\"}],\"inLanguage\":\"de\"}]}<\/script>\n<!-- \/ Yoast SEO plugin. -->","yoast_head_json":{"title":"Z\u00fcrich - Fund Academy","robots":{"index":"index","follow":"follow","max-snippet":"max-snippet:-1","max-image-preview":"max-image-preview:large","max-video-preview":"max-video-preview:-1"},"canonical":"https:\/\/www.fund-academy.ch\/de\/about-us\/zuerich\/","og_locale":"de_DE","og_type":"article","og_title":"Z\u00fcrich - Fund Academy","og_description":"Gegr\u00fcndet im Jahr 2001, sind wir nach einigen Jahren der Abwesenheit wieder mit unserem Firmensitz nach Z\u00fcrich zur\u00fcckgekehrt. Sandra Weisstanner-Greutmann und Andreas W\u00e4schle sind f\u00fcr Sie da! Die kurzen Wege zu einem Kaffee mit Kunden, Dozierenden, Partnern und Alumni geben uns viele Gelegenheiten f\u00fcr gute Gespr\u00e4che und helfen uns, immer nahe am Puls der Fondsindustrie ...","og_url":"https:\/\/www.fund-academy.ch\/de\/about-us\/zuerich\/","og_site_name":"Fund Academy","article_modified_time":"2025-02-03T15:17:41+00:00","og_image":[{"width":2560,"height":1440,"url":"https:\/\/www.fund-academy.ch\/wp-content\/uploads\/2022\/01\/patrick-federi-qpkikEv5bh8-unsplash-scaled.jpg","type":"image\/jpeg"}],"twitter_card":"summary_large_image","twitter_misc":{"Gesch\u00e4tzte Lesezeit":"1\u00a0Minute"},"schema":{"@context":"https:\/\/schema.org","@graph":[{"@type":"WebPage","@id":"https:\/\/www.fund-academy.ch\/de\/about-us\/zuerich\/","url":"https:\/\/www.fund-academy.ch\/de\/about-us\/zuerich\/","name":"Z\u00fcrich - Fund Academy","isPartOf":{"@id":"https:\/\/www.fund-academy.ch\/#website"},"datePublished":"2020-11-28T09:56:08+00:00","dateModified":"2025-02-03T15:17:41+00:00","breadcrumb":{"@id":"https:\/\/www.fund-academy.ch\/de\/about-us\/zuerich\/#breadcrumb"},"inLanguage":"de","potentialAction":[{"@type":"ReadAction","target":["https:\/\/www.fund-academy.ch\/de\/about-us\/zuerich\/"]}]},{"@type":"BreadcrumbList","@id":"https:\/\/www.fund-academy.ch\/de\/about-us\/zuerich\/#breadcrumb","itemListElement":[{"@type":"ListItem","position":1,"name":"Home","item":"https:\/\/www.fund-academy.ch\/de\/"},{"@type":"ListItem","position":2,"name":"Willkommen bei Fund Academy","item":"https:\/\/www.fund-academy.ch\/de\/about-us\/"},{"@type":"ListItem","position":3,"name":"Z\u00fcrich"}]},{"@type":"WebSite","@id":"https:\/\/www.fund-academy.ch\/#website","url":"https:\/\/www.fund-academy.ch\/","name":"Fund Academy","description":"","potentialAction":[{"@type":"SearchAction","target":{"@type":"EntryPoint","urlTemplate":"https:\/\/www.fund-academy.ch\/?s={search_term_string}"},"query-input":"required name=search_term_string"}],"inLanguage":"de"}]}},"_links":{"self":[{"href":"https:\/\/www.fund-academy.ch\/de\/wp-json\/wp\/v2\/pages\/35"}],"collection":[{"href":"https:\/\/www.fund-academy.ch\/de\/wp-json\/wp\/v2\/pages"}],"about":[{"href":"https:\/\/www.fund-academy.ch\/de\/wp-json\/wp\/v2\/types\/page"}],"author":[{"embeddable":true,"href":"https:\/\/www.fund-academy.ch\/de\/wp-json\/wp\/v2\/users\/1"}],"replies":[{"embeddable":true,"href":"https:\/\/www.fund-academy.ch\/de\/wp-json\/wp\/v2\/comments?post=35"}],"version-history":[{"count":8,"href":"https:\/\/www.fund-academy.ch\/de\/wp-json\/wp\/v2\/pages\/35\/revisions"}],"predecessor-version":[{"id":3265,"href":"https:\/\/www.fund-academy.ch\/de\/wp-json\/wp\/v2\/pages\/35\/revisions\/3265"}],"up":[{"embeddable":true,"href":"https:\/\/www.fund-academy.ch\/de\/wp-json\/wp\/v2\/pages\/26"}],"wp:featuredmedia":[{"embeddable":true,"href":"https:\/\/www.fund-academy.ch\/de\/wp-json\/wp\/v2\/media\/2260"}],"wp:attachment":[{"href":"https:\/\/www.fund-academy.ch\/de\/wp-json\/wp\/v2\/media?parent=35"}],"curies":[{"name":"wp","href":"https:\/\/api.w.org\/{rel}","templated":true}]}}

Zürich

<p>Gegründet im Jahr 2001, sind wir nach einigen Jahren der Abwesenheit wieder mit unserem Firmensitz nach Zürich zurückgekehrt. Sandra Weisstanner-Greutmann und Andreas Wäschle sind für Sie da! Die kurzen Wege zu einem Kaffee mit Kunden, Dozierenden, Partnern und Alumni geben uns viele Gelegenheiten für gute Gespräche und helfen uns, immer nahe am Puls der Fondsindustrie zu sein, um Trends und Bedürfnisse aufzunehmen und umzusetzen.</p>
<p>Unsere Mitglieder der Qualitätssicherungs- und Prüfungskommssion in Zürich finden Sie <a href="https://www.fund-academy.ch/wp-content/uploads/2025/02/QSK-2025.pdf">hier</a>.</p>

<p>Gegründet im Jahr 2001, sind wir nach einigen Jahren der Abwesenheit wieder mit unserem Firmensitz nach Zürich zurückgekehrt. Sandra Weisstanner-Greutmann und Andreas Wäschle sind für Sie da! Die kurzen Wege zu einem Kaffee mit Kunden, Dozierenden, Partnern und Alumni geben uns viele Gelegenheiten für gute Gespräche und helfen uns, immer nahe am Puls der Fondsindustrie <a href="https://www.fund-academy.ch/de/about-us/zuerich/" class="more-link">&#8230;</a></p>

<!-- This site is optimized with the Yoast SEO plugin v20.8 - https://yoast.com/wordpress/plugins/seo/ -->
<title>Zürich - Fund Academy</title>
<meta name="robots" content="index, follow, max-snippet:-1, max-image-preview:large, max-video-preview:-1" />
<link rel="canonical" href="https://www.fund-academy.ch/de/about-us/zuerich/" />
<meta property="og:locale" content="de_DE" />
<meta property="og:type" content="article" />
<meta property="og:title" content="Zürich - Fund Academy" />
<meta property="og:description" content="Gegründet im Jahr 2001, sind wir nach einigen Jahren der Abwesenheit wieder mit unserem Firmensitz nach Zürich zurückgekehrt. Sandra Weisstanner-Greutmann und Andreas Wäschle sind für Sie da! Die kurzen Wege zu einem Kaffee mit Kunden, Dozierenden, Partnern und Alumni geben uns viele Gelegenheiten für gute Gespräche und helfen uns, immer nahe am Puls der Fondsindustrie ..." />
<meta property="og:url" content="https://www.fund-academy.ch/de/about-us/zuerich/" />
<meta property="og:site_name" content="Fund Academy" />
<meta property="article:modified_time" content="2025-02-03T15:17:41+00:00" />
<meta property="og:image" content="https://www.fund-academy.ch/wp-content/uploads/2022/01/patrick-federi-qpkikEv5bh8-unsplash-scaled.jpg" />
	<meta property="og:image:width" content="2560" />
	<meta property="og:image:height" content="1440" />
	<meta property="og:image:type" content="image/jpeg" />
<meta name="twitter:card" content="summary_large_image" />
<meta name="twitter:label1" content="Geschätzte Lesezeit" />
	<meta name="twitter:data1" content="1 Minute" />
<script type="application/ld+json" class="yoast-schema-graph">{"@context":"https://schema.org","@graph":[{"@type":"WebPage","@id":"https://www.fund-academy.ch/de/about-us/zuerich/","url":"https://www.fund-academy.ch/de/about-us/zuerich/","name":"Zürich - Fund Academy","isPartOf":{"@id":"https://www.fund-academy.ch/#website"},"datePublished":"2020-11-28T09:56:08+00:00","dateModified":"2025-02-03T15:17:41+00:00","breadcrumb":{"@id":"https://www.fund-academy.ch/de/about-us/zuerich/#breadcrumb"},"inLanguage":"de","potentialAction":[{"@type":"ReadAction","target":["https://www.fund-academy.ch/de/about-us/zuerich/"]}]},{"@type":"BreadcrumbList","@id":"https://www.fund-academy.ch/de/about-us/zuerich/#breadcrumb","itemListElement":[{"@type":"ListItem","position":1,"name":"Home","item":"https://www.fund-academy.ch/de/"},{"@type":"ListItem","position":2,"name":"Willkommen bei Fund Academy","item":"https://www.fund-academy.ch/de/about-us/"},{"@type":"ListItem","position":3,"name":"Zürich"}]},{"@type":"WebSite","@id":"https://www.fund-academy.ch/#website","url":"https://www.fund-academy.ch/","name":"Fund Academy","description":"","potentialAction":[{"@type":"SearchAction","target":{"@type":"EntryPoint","urlTemplate":"https://www.fund-academy.ch/?s={search_term_string}"},"query-input":"required name=search_term_string"}],"inLanguage":"de"}]}</script>
<!-- / Yoast SEO plugin. -->

Zürich - Fund Academy

Gegründet im Jahr 2001, sind wir nach einigen Jahren der Abwesenheit wieder mit unserem Firmensitz nach Zürich zurückgekehrt. Sandra Weisstanner-Greutmann und Andreas Wäschle sind für Sie da! Die kurzen Wege zu einem Kaffee mit Kunden, Dozierenden, Partnern und Alumni geben uns viele Gelegenheiten für gute Gespräche und helfen uns, immer nahe am Puls der Fondsindustrie ...
